{"id":21377,"date":"2022-09-08T12:19:29","date_gmt":"2022-09-08T10:19:29","guid":{"rendered":"https:\/\/mokaefti.ch\/negozio-online\/melange-special-cafe-en-grains-1000g\/"},"modified":"2025-09-23T14:07:58","modified_gmt":"2025-09-23T12:07:58","slug":"melange-special-cafe-en-grains-1000g","status":"publish","type":"product","link":"https:\/\/mokaefti.ch\/fr\/boutique\/melange-special-cafe-en-grains-1000g\/","title":{"rendered":"M\u00c9LANGE SP\u00c9CIAL CAF\u00c9 EN GRAINS 1000G"},"content":{"rendered":"","protected":false},"excerpt":{"rendered":"<p>Le M\u00e9lange Sp\u00e9cial en grains de Moka Efti est une s\u00e9lection exclusive de grains pr\u00e9cieux d&rsquo;Arabica et de Robusta, torr\u00e9fi\u00e9s lentement pour cr\u00e9er un caf\u00e9 cors\u00e9 et \u00e9quilibr\u00e9. Pens\u00e9 pour les vrais amateurs d&rsquo;espresso italien, ce m\u00e9lange se distingue par sa cr\u00e8me velout\u00e9e et un profil aromatique riche en notes de chocolat et de fruits secs. Sa polyvalence le rend parfait aussi bien pour l&rsquo;extraction avec des machines \u00e0 caf\u00e9 professionnelles que pour les machines \u00e0 usage domestique, garantissant toujours un r\u00e9sultat excellent. Id\u00e9al pour un espresso intense ou comme base pour cappuccinos et macchiatos, c&rsquo;est le choix pr\u00e9f\u00e9r\u00e9 de nombreux bars et caf\u00e9s en Suisse qui recherchent un produit de haute qualit\u00e9 au go\u00fbt persistant et harmonieux.   <\/p>\n","protected":false},"featured_media":20233,"comment_status":"closed","ping_status":"closed","template":"","meta":{"_acf_changed":false,"_eb_attr":"","inline_featured_image":false},"product_brand":[],"product_cat":[381,411],"product_tag":[413],"class_list":{"0":"post-21377","1":"product","2":"type-product","3":"status-publish","4":"has-post-thumbnail","6":"product_cat-grains","7":"product_cat-melange","8":"product_tag-mouture-espresso","10":"first","11":"instock","12":"shipping-taxable","13":"purchasable","14":"product-type-simple"},"acf":[],"aioseo_notices":[],"_links":{"self":[{"href":"https:\/\/mokaefti.ch\/fr\/wp-json\/wp\/v2\/product\/21377","targetHints":{"allow":["GET"]}}],"collection":[{"href":"https:\/\/mokaefti.ch\/fr\/wp-json\/wp\/v2\/product"}],"about":[{"href":"https:\/\/mokaefti.ch\/fr\/wp-json\/wp\/v2\/types\/product"}],"replies":[{"embeddable":true,"href":"https:\/\/mokaefti.ch\/fr\/wp-json\/wp\/v2\/comments?post=21377"}],"version-history":[{"count":0,"href":"https:\/\/mokaefti.ch\/fr\/wp-json\/wp\/v2\/product\/21377\/revisions"}],"wp:featuredmedia":[{"embeddable":true,"href":"https:\/\/mokaefti.ch\/fr\/wp-json\/wp\/v2\/media\/20233"}],"wp:attachment":[{"href":"https:\/\/mokaefti.ch\/fr\/wp-json\/wp\/v2\/media?parent=21377"}],"wp:term":[{"taxonomy":"product_brand","embeddable":true,"href":"https:\/\/mokaefti.ch\/fr\/wp-json\/wp\/v2\/product_brand?post=21377"},{"taxonomy":"product_cat","embeddable":true,"href":"https:\/\/mokaefti.ch\/fr\/wp-json\/wp\/v2\/product_cat?post=21377"},{"taxonomy":"product_tag","embeddable":true,"href":"https:\/\/mokaefti.ch\/fr\/wp-json\/wp\/v2\/product_tag?post=21377"}],"curies":[{"name":"wp","href":"https:\/\/api.w.org\/{rel}","templated":true}]}}

MÉLANGE SPÉCIAL CAFÉ EN GRAINS 1000G

<p>Le Mélange Spécial en grains de Moka Efti est une sélection exclusive de grains précieux d&rsquo;Arabica et de Robusta, torréfiés lentement pour créer un café corsé et équilibré. Pensé pour les vrais amateurs d&rsquo;espresso italien, ce mélange se distingue par sa crème veloutée et un profil aromatique riche en notes de chocolat et de fruits secs. Sa polyvalence le rend parfait aussi bien pour l&rsquo;extraction avec des machines à café professionnelles que pour les machines à usage domestique, garantissant toujours un résultat excellent. Idéal pour un espresso intense ou comme base pour cappuccinos et macchiatos, c&rsquo;est le choix préféré de nombreux bars et cafés en Suisse qui recherchent un produit de haute qualité au goût persistant et harmonieux.   </p>
