{"id":21389,"date":"2022-09-08T12:04:31","date_gmt":"2022-09-08T10:04:31","guid":{"rendered":"https:\/\/mokaefti.ch\/negozio-online\/sublime-cafe-en-grains-250g\/"},"modified":"2025-09-23T14:06:46","modified_gmt":"2025-09-23T12:06:46","slug":"sublime-cafe-en-grains-250g","status":"publish","type":"product","link":"https:\/\/mokaefti.ch\/fr\/boutique\/sublime-cafe-en-grains-250g\/","title":{"rendered":"SUBLIME CAF\u00c9 EN GRAINS 250G"},"content":{"rendered":"","protected":false},"excerpt":{"rendered":"<p>Sublime incarne l&rsquo;essence de la torr\u00e9faction italienne la plus authentique, offrant une exp\u00e9rience sensorielle inoubliable pour chaque amateur de caf\u00e9 en Suisse. Ce m\u00e9lange de caf\u00e9 raffin\u00e9 na\u00eet de grains soigneusement s\u00e9lectionn\u00e9s provenant des meilleures plantations du monde, garantissant une qualit\u00e9 sup\u00e9rieure dans chaque tasse. Notre torr\u00e9faction artisanale et lente exalte les notes aromatiques complexes des grains, cr\u00e9ant un profil gustatif exceptionnellement \u00e9quilibr\u00e9 et cors\u00e9. Au palais se lib\u00e8rent d&rsquo;intenses nuances de chocolat noir et de fruits secs, qui \u00e9voluent en un arri\u00e8re-go\u00fbt doux et persistant qui fait de chaque tasse un moment de pur plaisir. Le format pratique de 250g est con\u00e7u pour pr\u00e9server intacte la fra\u00eecheur du caf\u00e9, s&rsquo;adaptant parfaitement \u00e0 la consommation quotidienne. La s\u00e9lection m\u00e9ticuleuse des mati\u00e8res premi\u00e8res et le soin apport\u00e9 \u00e0 chaque d\u00e9tail refl\u00e8tent notre engagement pour un caf\u00e9 de qualit\u00e9 sup\u00e9rieure, pens\u00e9 pour le consommateur suisse qui recherche et appr\u00e9cie l&rsquo;excellence du vrai caf\u00e9 italien.     <\/p>\n","protected":false},"featured_media":20241,"comment_status":"closed","ping_status":"closed","template":"","meta":{"_acf_changed":false,"_eb_attr":"","inline_featured_image":false},"product_brand":[],"product_cat":[381,411,400],"product_tag":[413],"class_list":{"0":"post-21389","1":"product","2":"type-product","3":"status-publish","4":"has-post-thumbnail","6":"product_cat-grains","7":"product_cat-melange","8":"product_cat-promotions-fr","9":"product_tag-mouture-espresso","11":"first","12":"instock","13":"shipping-taxable","14":"purchasable","15":"product-type-simple"},"acf":[],"aioseo_notices":[],"_links":{"self":[{"href":"https:\/\/mokaefti.ch\/fr\/wp-json\/wp\/v2\/product\/21389","targetHints":{"allow":["GET"]}}],"collection":[{"href":"https:\/\/mokaefti.ch\/fr\/wp-json\/wp\/v2\/product"}],"about":[{"href":"https:\/\/mokaefti.ch\/fr\/wp-json\/wp\/v2\/types\/product"}],"replies":[{"embeddable":true,"href":"https:\/\/mokaefti.ch\/fr\/wp-json\/wp\/v2\/comments?post=21389"}],"version-history":[{"count":0,"href":"https:\/\/mokaefti.ch\/fr\/wp-json\/wp\/v2\/product\/21389\/revisions"}],"wp:featuredmedia":[{"embeddable":true,"href":"https:\/\/mokaefti.ch\/fr\/wp-json\/wp\/v2\/media\/20241"}],"wp:attachment":[{"href":"https:\/\/mokaefti.ch\/fr\/wp-json\/wp\/v2\/media?parent=21389"}],"wp:term":[{"taxonomy":"product_brand","embeddable":true,"href":"https:\/\/mokaefti.ch\/fr\/wp-json\/wp\/v2\/product_brand?post=21389"},{"taxonomy":"product_cat","embeddable":true,"href":"https:\/\/mokaefti.ch\/fr\/wp-json\/wp\/v2\/product_cat?post=21389"},{"taxonomy":"product_tag","embeddable":true,"href":"https:\/\/mokaefti.ch\/fr\/wp-json\/wp\/v2\/product_tag?post=21389"}],"curies":[{"name":"wp","href":"https:\/\/api.w.org\/{rel}","templated":true}]}}

SUBLIME CAFÉ EN GRAINS 250G

<p>Sublime incarne l&rsquo;essence de la torréfaction italienne la plus authentique, offrant une expérience sensorielle inoubliable pour chaque amateur de café en Suisse. Ce mélange de café raffiné naît de grains soigneusement sélectionnés provenant des meilleures plantations du monde, garantissant une qualité supérieure dans chaque tasse. Notre torréfaction artisanale et lente exalte les notes aromatiques complexes des grains, créant un profil gustatif exceptionnellement équilibré et corsé. Au palais se libèrent d&rsquo;intenses nuances de chocolat noir et de fruits secs, qui évoluent en un arrière-goût doux et persistant qui fait de chaque tasse un moment de pur plaisir. Le format pratique de 250g est conçu pour préserver intacte la fraîcheur du café, s&rsquo;adaptant parfaitement à la consommation quotidienne. La sélection méticuleuse des matières premières et le soin apporté à chaque détail reflètent notre engagement pour un café de qualité supérieure, pensé pour le consommateur suisse qui recherche et apprécie l&rsquo;excellence du vrai café italien.     </p>
