{"id":26315,"date":"2025-12-16T11:49:30","date_gmt":"2025-12-16T10:49:30","guid":{"rendered":"https:\/\/mokaefti.ch\/?post_type=product&#038;p=26315"},"modified":"2025-12-16T14:16:01","modified_gmt":"2025-12-16T13:16:01","slug":"melange-special-de-grains-de-cafe-1000g-commerce-equitable","status":"publish","type":"product","link":"https:\/\/mokaefti.ch\/fr\/boutique\/melange-special-de-grains-de-cafe-1000g-commerce-equitable\/","title":{"rendered":"M\u00c9LANGE SP\u00c9CIAL DE GRAINS DE CAF\u00c9 1000G COMMERCE \u00c9QUITABLE"},"content":{"rendered":"","protected":false},"excerpt":{"rendered":"<p>Le m\u00e9lange sp\u00e9cial de grains Moka Efti repr\u00e9sente une s\u00e9lection exclusive de grains fins d&rsquo;Arabica et de Robusta, qui subissent une torr\u00e9faction lente et soign\u00e9e pour garantir un caf\u00e9 cors\u00e9 et parfaitement \u00e9quilibr\u00e9. Id\u00e9al pour les vrais amateurs d&rsquo;espresso italien, ce m\u00e9lange offre une cr\u00e8me velout\u00e9e et persistante, r\u00e9v\u00e9lant un profil aromatique complexe en bouche, enrichi par des notes intenses de chocolat et de fruits secs. Son extraordinaire polyvalence en fait le choix id\u00e9al aussi bien pour l&rsquo;extraction avec des machines professionnelles que pour un usage domestique haut de gamme, garantissant un excellent r\u00e9sultat \u00e0 chaque tasse. Excellent pour un espresso intense ou comme base structur\u00e9e pour les cappuccinos et les macchiatos, cette r\u00e9f\u00e9rence est l&rsquo;un des produits Fairtrade les plus populaires de notre gamme : fruit de la ma\u00eetrise de nos s\u00e9lectionneurs, il allie la qualit\u00e9 durable \u00e0 la tradition italienne la plus authentique, devenant ainsi le caf\u00e9 de pr\u00e9dilection de nombreux bars et consommateurs en Suisse.<\/p>\n","protected":false},"featured_media":26319,"comment_status":"closed","ping_status":"closed","template":"","meta":{"_acf_changed":false,"_eb_attr":"","inline_featured_image":false},"product_brand":[],"product_cat":[412,381,411],"product_tag":[413],"class_list":{"0":"post-26315","1":"product","2":"type-product","3":"status-publish","4":"has-post-thumbnail","6":"product_cat-fairtrade-fr","7":"product_cat-grains","8":"product_cat-melange","9":"product_tag-mouture-espresso","11":"first","12":"instock","13":"shipping-taxable","14":"purchasable","15":"product-type-simple"},"acf":[],"aioseo_notices":[],"_links":{"self":[{"href":"https:\/\/mokaefti.ch\/fr\/wp-json\/wp\/v2\/product\/26315","targetHints":{"allow":["GET"]}}],"collection":[{"href":"https:\/\/mokaefti.ch\/fr\/wp-json\/wp\/v2\/product"}],"about":[{"href":"https:\/\/mokaefti.ch\/fr\/wp-json\/wp\/v2\/types\/product"}],"replies":[{"embeddable":true,"href":"https:\/\/mokaefti.ch\/fr\/wp-json\/wp\/v2\/comments?post=26315"}],"version-history":[{"count":0,"href":"https:\/\/mokaefti.ch\/fr\/wp-json\/wp\/v2\/product\/26315\/revisions"}],"wp:featuredmedia":[{"embeddable":true,"href":"https:\/\/mokaefti.ch\/fr\/wp-json\/wp\/v2\/media\/26319"}],"wp:attachment":[{"href":"https:\/\/mokaefti.ch\/fr\/wp-json\/wp\/v2\/media?parent=26315"}],"wp:term":[{"taxonomy":"product_brand","embeddable":true,"href":"https:\/\/mokaefti.ch\/fr\/wp-json\/wp\/v2\/product_brand?post=26315"},{"taxonomy":"product_cat","embeddable":true,"href":"https:\/\/mokaefti.ch\/fr\/wp-json\/wp\/v2\/product_cat?post=26315"},{"taxonomy":"product_tag","embeddable":true,"href":"https:\/\/mokaefti.ch\/fr\/wp-json\/wp\/v2\/product_tag?post=26315"}],"curies":[{"name":"wp","href":"https:\/\/api.w.org\/{rel}","templated":true}]}}

MÉLANGE SPÉCIAL DE GRAINS DE CAFÉ 1000G COMMERCE ÉQUITABLE

<p>Le mélange spécial de grains Moka Efti représente une sélection exclusive de grains fins d&rsquo;Arabica et de Robusta, qui subissent une torréfaction lente et soignée pour garantir un café corsé et parfaitement équilibré. Idéal pour les vrais amateurs d&rsquo;espresso italien, ce mélange offre une crème veloutée et persistante, révélant un profil aromatique complexe en bouche, enrichi par des notes intenses de chocolat et de fruits secs. Son extraordinaire polyvalence en fait le choix idéal aussi bien pour l&rsquo;extraction avec des machines professionnelles que pour un usage domestique haut de gamme, garantissant un excellent résultat à chaque tasse. Excellent pour un espresso intense ou comme base structurée pour les cappuccinos et les macchiatos, cette référence est l&rsquo;un des produits Fairtrade les plus populaires de notre gamme : fruit de la maîtrise de nos sélectionneurs, il allie la qualité durable à la tradition italienne la plus authentique, devenant ainsi le café de prédilection de nombreux bars et consommateurs en Suisse.</p>
